ands digit of 270890?
7
What is the millions digit of 4205250?
4
What is the tens digit of 4429266?
6
What is the ten millions digit of 10694019?
1
What is the ten thousands digit of 6119552?
1
What is the ten thousands digit of 1634067?
3
What is the hundreds digit of 77550?
5
What is the hundreds digit of 427830?
8
What is the ten thousands digit of 82059?
8
What is the tens digit of 427057?
5
What is the thousands digit of 34175911?
5
What is the hundreds digit of 298497?
4
What is the tens digit of 155264?
6
What is the millions digit of 26838415?
6
What is the ten thousands digit of 7447506?
4
What is the units digit of 21208034?
4
What is the units digit of 148131?
1
What is the ten thousands digit of 751798?
5
What is the millions digit of 11724879?
1
What is the units digit of 21953949?
9
What is the hundred thousands digit of 731629?
7
What is the thousands digit of 380550?
0
What is the units digit of 27134166?
6
What is the ten thousands digit of 700490?
0
What is the units digit of 192110?
0
What is the millions digit of 1479571?
1
What is the tens digit of 12265889?
8
What is the ten millions digit of 24950078?
2
What is the thousands digit of 224556?
4
What is the ten thousands digit of 1948986?
4
What is the hundreds digit of 13634648?
6
What is the millions digit of 28657573?
8
What is the tens digit of 5881589?
8
What is the tens digit of 1228246?
4
What is the millions digit of 14504742?
4
What is the tens digit of 11004013?
1
What is the thousands digit of 2274675?
4
What is the hundred thousands digit of 243338?
2
What is the tens digit of 271210?
1
What is the thousands digit of 275368?
5
What is the millions digit of 12753770?
2
What is the millions digit of 8230664?
8
What is the thousands digit of 39718?
9
What is the tens digit of 187720?
2
What is the thousands digit of 1707283?
7
What is the ten thousands digit of 82305?
8
What is the hundred thousands digit of 10432939?
4
What is the hundred thousands digit of 257117?
2
What is the thousands digit of 493022?
3
What is the hundreds digit of 2498834?
8
What is the tens digit of 191916?
1
What is the millions digit of 1907368?
1
What is the tens digit of 400167?
6
What is the units digit of 1674772?
2
What is the hundred thousands digit of 2849610?
8
What is the hundred thousands digit of 1330814?
3
What is the hundred thousands digit of 463275?
4
What is the millions digit of 2626842?
2
What is the thousands digit of 220629?
0
What is the ten thousands digit of 893812?
9
What is the thousands digit of 663023?
3
What is the millions digit of 26284109?
6
What is the hundred thousands digit of 112749?
1
What is the thousands digit of 10119097?
9
What is the thousands digit of 260583?
0
What is the thousands digit of 9359911?
9
What is the millions digit of 9875984?
9
What is the hundreds digit of 10103025?
0
What is the millions digit of 14484212?
4
What is the thousands digit of 727704?
7
What is the tens digit of 5883964?
6
What is the tens digit of 336278?
7
What is the hundred thousands digit of 295337?
2
What is the ten thousands digit of 95786?
9
What is the ten thousands digit of 179008?
7
What is the hundreds digit of 657670?
6
What is the ten thousands digit of 1974314?
7
What is the units digit of 66038?
8
What is the tens digit of 304653?
5
What is the hundreds digit of 203767?
7
What is the millions digit of 1688629?
1
What is the ten thousands digit of 170538?
7
What is the units digit of 234602?
2
What is the units digit of 314105?
5
What is the hundreds digit of 35848161?
1
What is the tens digit of 24060863?
6
What is the hundred thousands digit of 2338676?
3
What is the millions digit of 6593768?
6
What is the tens digit of 597341?
4
What is the units digit of 6657030?
0
What is the ten thousands digit of 10713868?
1
What is the thousands digit of 333884?
3
What is the hundred thousands digit of 872769?
8
What is the hundreds digit of 95449?
4
What is the hundreds digit of 4405066?
0
What is the units digit of 4254201?
1
What is the hundred thousands digit of 13838431?
8
What is the tens digit of 313040?
4
What is the ten thousands digit of 14409619?
0
What is the hundreds digit of 363096?
0
What is the hundreds digit of 139244?
2
What is the ten thousands digit of 208412?
0
What is the ten thousands digit of 142818?
4
What is the hundreds digit of 117300?
3
What is the thousands digit of 27652892?
2
What is the units digit of 1442630?
0
What is the hundreds digit of 1704736?
7
What is the millions digit of 5984719?
5
What is the tens digit of 20151226?
2
What is the ten thousands digit of 83103?
8
What is the millions digit of 5796492?
5
What is the hundreds digit of 3010186?
1
What is the millions digit of 1687012?
1
What is the hundreds digit of 16381781?
7
What is the thousands digit of 125307?
5
What is the thousands digit of 294404?
4
What is the tens digit of 78443?
4
What is the tens digit of 558807?
0
What is the hundred thousands digit of 877976?
8
What is the ten thousands digit of 1948332?
4
What is the ten thousands digit of 1786495?
8
What is the units digit of 13861081?
1
What is the ten thousands digit of 3356854?
5
What is the tens digit of 652087?
8
What is the thousands digit of 151929?
1
What is the thousands digit of 198154?
8
What is the millions digit of 2156318?
2
What is the hundreds digit of 151432?
4
What is the thousands digit of 1040435?
0
What is the units digit of 5912357?
7
What is the ten thousands digit of 326150?
2
What is the tens digit of 5338415?
1
What is the units digit of 359268?
8
What is the ten thousands digit of 2417168?
1
What is the thousands digit of 111804?
1
What is the units digit of 5152739?
9
What is the tens digit of 14741539?
3
What is the ten thousands digit of 10943180?
4
What is the ten thousands digit of 8499924?
9
What is the tens digit of 15732338?
3
What is the thousands digit of 309977?
9
What is the millions digit of 1848942?
1
What is the tens digit of 217343?
4
What is the hundreds digit of 6660562?
5
What is the hundred thousands digit of 204348?
2
What is the hundreds digit of 89371?
3
What is the tens digit of 424191?
9
What is the ten thousands digit of 285897?
8
What is the hundred thousands digit of 3608430?
6
What is the ten thousands digit of 8942097?
4
What is the millions digit of 2374766?
2
What is the hundred thousands digit of 2473310?
4
What is the tens digit of 207679?
7
What is the tens digit of 8545954?
5
What is the ten thousands digit of 297243?
9
What is the hundreds digit of 12356674?
6
What is the thousands digit of 13512008?
2
What is the ten thousands digit of 61790?
6
What is the hundred thousands digit of 241096?
2
What is the hundreds digit of 1134759?
7
What is the hundreds digit of 21307?
3
What is the hundreds digit of 480953?
9
What is the hundred thousands digit of 3562670?
5
What is the ten thousands digit of 322918?
2
What is the hundreds digit of 419990?
9
What is the thousands digit of 30595?
0
What is the thousands digit of 3606305?
6
What is the tens digit of 306194?
9
What is the hundreds digit of 6935691?
6
What is the millions digit of 3691391?
3
What is the ten thousands digit of 12376525?
7
What is the ten millions digit of 23585328?
2
What is the millions digit of 4758641?
4
What is the hundreds digit of 3539675?
6
What is the ten thousands digit of 500933?
0
What is the ten thousands digit of 2770983?
7
What is the ten thousands digit of 709512?
0
What is the units digit of 13335637?
7
What is the tens digit of 753420?
2
What is the hundred thousands digit of 352939?
3
What is the hundreds digit of 27366185?
1
What is the millions digit of 1755568?
1
What is the units digit of 4989149?
9
What is the tens digit of 77573?
7
What is the units digit of 1174585?
5
What is the units digit of 898162?
2
What is the units digit of 548476?
6
What is the hundred thousands digit of 19379695?
3
What is the ten thousands digit of 6701553?
0
What is the hundreds digit of 314025?
0
What is the tens digit of 57149?
4
What is the millions digit of 10249634?
0
What is the millions digit of 1245432?
1
What is the ten thousands digit of 49012?
4
What is the tens digit of 46301?
0
What is the ten thousands digit of 481762?
8
What is the ten thousands digit of 36